86597?
7
What is the units digit of 2340?
0
What is the units digit of 418?
8
What is the tens digit of 237?
3
What is the tens digit of 4277?
7
What is the hundreds digit of 1782?
7
What is the units digit of 4537?
7
What is the tens digit of 2718?
1
What is the ten thousands digit of 25328?
2
What is the thousands digit of 13826?
3
What is the hundreds digit of 689?
6
What is the hundreds digit of 5510?
5
What is the tens digit of 10577?
7
What is the thousands digit of 6281?
6
What is the hundreds digit of 7053?
0
What is the thousands digit of 29511?
9
What is the hundreds digit of 83875?
8
What is the tens digit of 111843?
4
What is the ten thousands digit of 31087?
3
What is the units digit of 24080?
0
What is the hundreds digit of 5342?
3
What is the hundreds digit of 11047?
0
What is the units digit of 22524?
4
What is the hundreds digit of 169?
1
What is the tens digit of 46609?
0
What is the units digit of 104189?
9
What is the thousands digit of 6650?
6
What is the units digit of 1899?
9
What is the hundreds digit of 5560?
5
What is the units digit of 2223?
3
What is the tens digit of 64?
6
What is the hundreds digit of 38041?
0
What is the tens digit of 922?
2
What is the ten thousands digit of 11233?
1
What is the hundreds digit of 3295?
2
What is the tens digit of 208?
0
What is the thousands digit of 1696?
1
What is the ten thousands digit of 106643?
0
What is the tens digit of 106?
0
What is the tens digit of 29254?
5
What is the hundreds digit of 152122?
1
What is the units digit of 3298?
8
What is the tens digit of 2053?
5
What is the tens digit of 8515?
1
What is the hundred thousands digit of 129669?
1
What is the ten thousands digit of 127664?
2
What is the units digit of 13220?
0
What is the tens digit of 1024?
2
What is the thousands digit of 4273?
4
What is the tens digit of 2291?
9
What is the tens digit of 2286?
8
What is the units digit of 1413?
3
What is the units digit of 439?
9
What is the hundreds digit of 41548?
5
What is the thousands digit of 8127?
8
What is the units digit of 3851?
1
What is the tens digit of 1379?
7
What is the units digit of 5804?
4
What is the units digit of 83301?
1
What is the tens digit of 9365?
6
What is the ten thousands digit of 30672?
3
What is the tens digit of 698?
9
What is the ten thousands digit of 22282?
2
What is the units digit of 12741?
1
What is the tens digit of 69243?
4
What is the hundreds digit of 5610?
6
What is the ten thousands digit of 60197?
6
What is the units digit of 1467?
7
What is the units digit of 14916?
6
What is the tens digit of 46228?
2
What is the tens digit of 1091?
9
What is the units digit of 286?
6
What is the units digit of 3501?
1
What is the hundreds digit of 11432?
4
What is the tens digit of 22304?
0
What is the units digit of 4712?
2
What is the thousands digit of 17197?
7
What is the tens digit of 1309?
0
What is the hundreds digit of 7712?
7
What is the units digit of 40886?
6
What is the units digit of 2944?
4
What is the tens digit of 10630?
3
What is the tens digit of 9519?
1
What is the units digit of 6400?
0
What is the ten thousands digit of 28576?
2
What is the thousands digit of 16262?
6
What is the thousands digit of 8896?
8
What is the units digit of 5650?
0
What is the hundreds digit of 1266?
2
What is the hundreds digit of 40403?
4
What is the thousands digit of 40051?
0
What is the hundreds digit of 994?
9
What is the hundreds digit of 3216?
2
What is the tens digit of 11247?
4
What is the tens digit of 153591?
9
What is the units digit of 911?
1
What is the units digit of 34249?
9
What is the thousands digit of 9640?
9
What is the units digit of 346?
6
What is the tens digit of 11194?
9
What is the units digit of 1162?
2
What is the thousands digit of 8082?
8
What is the units digit of 2365?
5
What is the units digit of 16259?
9
What is the tens digit of 1140?
4
What is the tens digit of 5527?
2
What is the tens digit of 211?
1
What is the hundreds digit of 8403?
4
What is the tens digit of 52?
5
What is the units digit of 3519?
9
What is the ten thousands digit of 86697?
8
What is the tens digit of 2485?
8
What is the units digit of 19685?
5
What is the thousands digit of 3767?
3
What is the thousands digit of 3550?
3
What is the ten thousands digit of 31753?
3
What is the hundreds digit of 1928?
9
What is the tens digit of 640?
4
What is the hundreds digit of 7013?
0
What is the tens digit of 14335?
3
What is the units digit of 8780?
0
What is the ten thousands digit of 97148?
9
What is the hundreds digit of 10490?
4
What is the hundreds digit of 13918?
9
What is the tens digit of 219?
1
What is the tens digit of 2846?
4
What is the units digit of 557?
7
What is the units digit of 2882?
2
What is the units digit of 1900?
0
What is the hundreds digit of 18418?
4
What is the ten thousands digit of 93438?
9
What is the tens digit of 136?
3
What is the units digit of 6846?
6
What is the ten thousands digit of 120572?
2
What is the thousands digit of 49573?
9
What is the tens digit of 328?
2
What is the hundreds digit of 1309?
3
What is the units digit of 5145?
5
What is the ten thousands digit of 11040?
1
What is the hundreds digit of 155614?
6
What is the thousands digit of 47217?
7
What is the units digit of 1466?
6
What is the units digit of 8125?
5
What is the tens digit of 64160?
6
What is the units digit of 4841?
1
What is the tens digit of 19697?
9
What is the ten thousands digit of 27831?
2
What is the hundreds digit of 4470?
4
What is the thousands digit of 1065?
1
What is the units digit of 2415?
5
What is the thousands digit of 115068?
5
What is the units digit of 2542?
2
What is the hundreds digit of 1419?
4
What is the units digit of 96491?
1
What is the hundreds digit of 193?
1
What is the units digit of 40?
0
What is the tens digit of 10064?
6
What is the ten thousands digit of 161001?
6
What is the thousands digit of 28507?
8
What is the hundreds digit of 44203?
2
What is the units digit of 523?
3
What is the tens digit of 1220?
2
What is the hundreds digit of 24048?
0
What is the thousands digit of 21930?
1
What is the units digit of 92430?
0
What is the units digit of 6771?
1
What is the hundreds digit of 18062?
0
What is the tens digit of 963?
6
What is the thousands digit of 24275?
4
What is the units digit of 11255?
5
What is the tens digit of 12307?
0
What is the tens digit of 95?
9
What is the thousands digit of 12424?
2
What is the tens digit of 129?
2
What is the tens digit of 1863?
6
What is the hundreds digit of 83425?
4
What is the units digit of 1054?
4
What is the units digit of 4142?
2
What is the thousands digit of 3782?
3
What is the tens digit of 160695?
9
What is the ten thousands digit of 30633?
3
What is the tens digit of 7016?
1
What is the hundreds digit of 54673?
6
What is the thousands digit of 50269?
0
What is the hundreds digit of 231?
2
What is the units digit of 449?
9
What is the tens digit of 27176?
7
What is the thousands digit of 90190?
0
What is the tens digit of 729?
2
What is the hundreds digit of 191?
1
What is the hundreds digit of 4784?
7
What is the thousands digit of 28831?
8
What is the thousands digit of 46704?
6
What is the tens digit of 16?
1
What is the units digit of 6327?
7
What is the thousands digit of 14274?
4
What is the tens digit of 2112?
1
What is the hundreds digit of 5466?
4
What is the units digit of 14448?
8
What is the hundreds digit of 8954?
9
What is the thousands digit of 33881?
3
What is the hundreds digit of 12421?
4
What is the ten thousands digit of 24513?
2
What is the tens digit of 1407?
0
What is the hundreds digit of 2232?
2
What is the tens digit of 763?
6
What is the units digit of 12754?
4
What is the tens digit of 35?
3
What is the thousands digit of 55474?
5
What is the units digit of 2232?
2
What is the tens digit of 5080?
8
What is the tens digit of 1275?
7
What is the thousands digit of 33610?
3
What is the units digit of 1772?
2
What is the thousands digit of 7630?
7
What is the tens digit of 1658?
5
What is the tens digit of 189?
8
What is the units digit of 3804?
4
What is the thousands digit of 3868?
3
What is the units digit of 607?
7
What is the units digit of 23125?
5
What is the hundreds digit of 3432?
4
What is the tens d